-20*(0 - (-12)/c). What is the highest common divisor of n and 12?
12
Let j(f) = -4*f + 5. Let p be j(6). Let g = p - -34. Let m = -15 - -21. Calculate the highest common divisor of m and g.
3
Let a(h) = -h**2 - 8*h + 3. Let u be a(-8). Suppose -l + u + 4 = 0. Calculate the highest common divisor of 77 and l.
7
Let j = 127 - 67. Suppose -2*f - 3*f = 0. Suppose 5*y + d - 73 = -0*d, f = 3*y + d - 43. What is the highest common factor of y and j?
15
Let u = -21 - -61. Calculate the highest common divisor of 120 and u.
40
Let o be (-1 + -14)/(6/(-8)). Let f be (12/5)/((-33)/(-110)). What is the greatest common factor of f and o?
4
Let w be (6 - 32/(-8))*(3 - 1). Let h be 3/(18/(-15))*-20. What is the greatest common divisor of h and w?
10
Suppose 0 = 5*z - 136 - 24. What is the greatest common factor of 48 and z?
16
Suppose -4*v + 2 + 2 = 0. Let w = 21 - 13. What is the highest common divisor of v and w?
1
Let g = -60 - -67. Let o = 24 + -10. What is the highest common divisor of o and g?
7
Let u = 40 + -31. What is the highest common divisor of u and 9?
9
Let m(n) = 380*n + 5. Let v(i) = -95*i - 1. Let g(h) = 2*m(h) + 9*v(h). Let c be g(-1). Calculate the greatest common divisor of c and 12.
12
Let p be (-8)/2 + (26 - 2). Suppose 2*u - p = 36. Calculate the greatest common factor of 4 and u.
4
Let i = -163 - -166. Calculate the greatest common divisor of i and 6.
3
Let k be 1/3 - 1/3. Let i be -1 + 231 - k/5. What is the highest common divisor of i and 23?
23
Suppose 2*f = 6*o - 3*o + 11, 5*o - 25 = 0. Let b = 7 + -5. Suppose -3*s - 69 = -b*u, 3 = 3*s - 2*s. What is the highest common factor of u and f?
13
Suppose -a = -0*a - 5*j - 13, -5*j = 5*a - 5. Suppose -2*m = -2*x + 22, 0*m - 39 = -3*x - a*m. Calculate the highest common divisor of 36 and x.
12
Suppose -10*l = 2*a - 8*l - 44, -2*a - 4*l + 48 = 0. Calculate the highest common divisor of 8 and a.
4
Suppose 2*s + d = 7*s + 41, -5*d = -4*s - 16. Let y be (s/(-6))/(1/26). Calculate the greatest common divisor of y and 26.
13
Suppose -b = -o - 5*b + 60, -o = 3*b - 61. Let p(h) = 3*h + 1. Let u be p(5). What is the highest common divisor of u and o?
16
Let z be (-3)/2 - 34/(-4). Suppose -5*s - 38 + 108 = 0. Calculate the highest common factor of z and s.
7
Let h(t) = -t**3 - 10*t**2 + 2*t + 6. Let u be h(-11). What is the greatest common divisor of u and 35?
35
Let x be 4/(-6) + (-33)/(-9). Suppose 0 = 2*p - 4*j - 24, 3*j + 38 = x*p - j. Suppose 34 + p = 2*n. Calculate the greatest common factor of 36 and n.
12
Suppose -2*j + 4 = -5*n, -2*j + 7*j + 5 = 5*n. Let q be (-12)/1*1/j. What is the highest common factor of 10 and q?
2
Let y(g) = -2*g + 7*g**2 - 2 + 4 - 1. Let r be y(1). What is the greatest common factor of 54 and r?
6
Suppose c = -5*j + 17 - 3, 0 = 2*c - j - 6. Let i = 4 + c. Calculate the greatest common factor of i and 16.
8
Let t(g) = g - 5. Let r(p) = 2. Let v(i) = 7*r(i) + 3*t(i). Let z be v(1). Calculate the greatest common divisor of z and 2.
2
Let l(v) = -v + 2. Let y be l(0). Suppose s - 16 - 26 = -y*o, -2*o + 32 = -4*s. Suppose 2*k - 79 + 19 = 0. Calculate the greatest common factor of o and k.
10
Let m = 4 - -6. Suppose 4 - m = -r. Calculate the highest common divisor of 6 and r.
6
Let t = 147 + -132. Calculate the greatest common divisor of 285 and t.
15
Suppose 0 = -3*t - 3*t + 198. What is the greatest common factor of 3 and t?
3
Let n be 505/10 + (-1)/(-2). Let u = n + 63. Calculate the greatest common divisor of u and 19.
19
Let s(p) = -p**2 + 16*p + 59. Let w be s(18). Calculate the greatest common divisor of w and 161.
23
Suppose -10 = -n - 2. Suppose 2*k = -2*k + n. Suppose -2*w + 10 = k. Calculate the greatest common divisor of 2 and w.
2
Let u(a) = a**2 - 4*a - 5. Let i be u(6). Let j be (2 + -6)/((-1)/i). What is the greatest common factor of j and 7?
7
Let h(l) be the first derivative of -5*l**2/2 + 2*l - 1. Let j be h(-8). Let w = 16 + -10. Calculate the greatest common factor of w and j.
6
Suppose -2*n = -3*b - 5, -4*b + 5*b = -4*n - 11. Let f be 2*n/(4/(-33)). Let y be f/(-2)*2/(-3). Calculate the highest common divisor of y and 44.
11
Let m be (-3 + -1)/(2/(-8)). What is the greatest common factor of m and 40?
8
Suppose 0 = -5*l - 7 + 2. Let p(s) = -48*s**3 + s**2 + s. Let h be p(l). Calculate the highest common divisor of h and 6.
6
Suppose -44 - 4 = -3*o. Calculate the highest common factor of 128 and o.
16
Let p = 16 + -9. Let c(q) = 7*q + 5. Let y be c(p). What is the highest common divisor of 6 and y?
6
Let t = 0 + 1. What is the highest common divisor of 7 and t?
1
Let x be 3*43 + -1 + 2. What is the greatest common factor of x and 10?
10
Let h(w) = 57*w**3 + w**2 - w + 1. Let p be h(1). Suppose -p = -7*o + 5*o. Suppose o = 5*z - 46. Calculate the greatest common divisor of 105 and z.
15
Let t be 86/(-8) - (-6)/8. Let x be t/55 - 204/(-33). What is the greatest common factor of 18 and x?
6
Let o = 7 - -8. Let u(b) = -4*b + 7. Let a(p) = 8*p - 14. Let i(y) = -2*a(y) - 5*u(y). Let s be i(13). What is the highest common factor of o and s?
15
Let k = -1 + -1. Let u = k + 13. Suppose -2*y + u = -5. What is the greatest common divisor of y and 1?
1
Suppose -3*r - 3*m + 3 = 0, -r - 4*m - 5 = -0*r. Suppose r*y - 86 = 76. What is the highest common divisor of y and 6?
6
Let t(z) be the third derivative of -29*z**4/24 - z**3/6 - 2*z**2. Let b be t(-1). Calculate the greatest common factor of 7 and b.
7
Let w = 0 + -1. Let k be w*2 - (2 - 1). Let r be (1 - 22/6)*k. Calculate the greatest common divisor of r and 4.
4
Let r(t) = 254*t**2 + 4*t + 2. Let q be r(-3). Let d be (-4)/(-6) + q/6. Suppose 2*f - d = -2*f. Calculate the greatest common factor of f and 38.
19
Let d(j) = j**3 + j + 5. Let a be d(0). Suppose -a*p + 8 = -p. What is the greatest common factor of p and 5?
1
Let a(i) = 83*i + 1. Let m be a(4). Calculate the highest common divisor of m and 37.
37
Let q = 11 - 14. Let p(l) = -9*l - 5. Let c be p(q). What is the greatest common factor of c and 154?
22
Let q(w) = 27*w**3 + w - 1. Let u be q(1). Calculate the greatest common divisor of 243 and u.
27
Suppose 4*k = 398 - 78. Let c be (32/(-6))/((-1)/3). What is the highest common divisor of k and c?
16
Let c(g) = -5*g + 3. Let u be c(-5). What is the highest common factor of u and 70?
14
Suppose -s - 3*s + 202 = 2*w, -4*w - 5*s + 389 = 0. What is the greatest common factor of 26 and w?
13
Suppose -2*n = -5*d - 284, -3*d + 12 = -6*d. Suppose 0*o - n = 3*o. Let b be (-432)/o - (-2)/11. Calculate the highest common factor of b and 90.
10
Suppose -2*r - 5 = -r. Let i = r - -20. Calculate the highest common factor of i and 75.
15
Let p = 10 + -4. Let n be (-280)/(-12) - (-4)/p. Calculate the highest common factor of n and 3.
3
Let o = -32 + 53. Let g be (-126)/(-35) - (-3)/(-5). What is the highest common divisor of o and g?
3
Let i be 192/(-80)*30*-1. Let b = 40 + i. Suppose q + 7 = 23. Calculate the greatest common divisor of q and b.
16
Suppose -2*x + 3*a + 143 = 0, -a - a + 6 = 0. Let z be (x/2)/(8/4). What is the highest common factor of z and 19?
19
Let p(u) = 30*u + 22*u + 38*u. Let j be p(1). Calculate the highest common factor of j and 10.
10
Let f be -1*(3 + -1) - -67. Suppose -g - 2*k = -30, -3*g + 6*g + 2*k - 82 = 0. What is the greatest common factor of g and f?
13
Let x(q) = -q**3 + 9*q**2 - 7*q - 6. Let j be x(8). Let t(f) = f**3 - 2*f**2 + 2*f - 2. Let s be t(j). What is the greatest common factor of 6 and s?
2
Suppose -5*w = -3*t - 2*w + 66, 5*t - 124 = -2*w. Suppose 19*d + 3*d = 3696. Calculate the highest common divisor of t and d.
24
Let a(n) = n + 13. Let y be (4/(-2))/2*11. Let s be a(y). Suppose -3*c + 4*d + 57 = 0, 6*c - s*d - 81 = c. What is the greatest common divisor of 165 and c?
15
Let u = 55 - 33. Calculate the highest common factor of u and 33.
11
Let w = 28 - 17. Calculate the highest common factor of w and 55.
11
Let k(w) = -w**3 + 3*w**2 + 2*w + 2. Let c be k(4). Let r be (c/15)/(1/(-5)). Calculate the highest common factor of 2 and r.
2
Suppose 3*v + 4 = t + t, -4*t - 3*v = -8. Suppose -722 = -3*c - t*x, -2 = -4*x + 2. Calculate the greatest common factor of c and 24.
24
Let s be 4/(-10) - (-12)/5. Calculate the greatest common factor of s and 18.
2
Let r(q) = q + 1. Let m